{"id":62,"date":"2017-12-03T00:47:28","date_gmt":"2017-12-02T23:47:28","guid":{"rendered":"http:\/\/orthopraxis-barz.de\/?page_id=62"},"modified":"2024-01-21T12:41:51","modified_gmt":"2024-01-21T11:41:51","slug":"wirbelsaeulenchirurgie","status":"publish","type":"page","link":"https:\/\/orthopraxis-barz.de\/?page_id=62","title":{"rendered":"Wirbels\u00e4ulenchirurgie"},"content":{"rendered":"<div id=\"matrix_1615421\" class=\"sortable-matrix\" data-matrixid=\"1615421\">\n<div class=\"n module-type-text diyfeLiveArea \">\n<p>konservative Behandlung<\/p>\n<p>wirbels\u00e4ulennahe Injektionen<\/p>\n<p>minimal- invasive Schmerztherapie (Facettendenervationen)<\/p>\n<p>Bandscheibenoperationen der Hals- und Lendenwirbels\u00e4ule<\/p>\n<p>Dekompressionsoperationen der Hals- und Lendenwirbels\u00e4ule<\/p>\n<p>bewegungserhaltende Stabilisierung der Hals- und Lendenwirbels\u00e4ule (Bandscheibenprothese)<\/p>\n<p>minimal invasive und offene Stabilisierung der Hals- und Lendenwirbels\u00e4ule<\/p>\n<p>Deformit\u00e4tenkorrektur der Hals- und Lendenwirbels\u00e4ule<\/p>\n<p>weitere Informationen zu Wirbels\u00e4ulenerkrankungen: <a href=\"http:\/\/newsletter.eurospine.org\/c\/47735258\/fef4639142-reb0vl\">link<\/a><\/p>\n<p>Die Operationen werden in den Krankenh\u00e4usern in Wolgast und Pasewalk durchgef\u00fchrt. Die Operationsvorbereitung und Aufkl\u00e4rung, die Operation, die postoperative Behandlung und die ambulante postoperative Nachsorge erfolgen durch Privatdozent Dr. Thomas Barz. Bei den Operationen wird er durch Dr. Robert Barz unterst\u00fctzt. Die endoskopischen Bandscheibenoperationen f\u00fchrt Dr. Robert Barz aus.<\/p>\n<\/div>\n<div class=\"n module-type-text diyfeLiveArea \">\n<p>Weitere Informationen zum Ablauf erhalten Sie bei der Vorstellung in der Praxis.<\/p>\n<\/div>\n<\/div>\n","protected":false},"excerpt":{"rendered":"<p>konservative Behandlung wirbels\u00e4ulennahe Injektionen minimal- invasive Schmerztherapie (Facettendenervationen) Bandscheibenoperationen der Hals- und Lendenwirbels\u00e4ule Dekompressionsoperationen der Hals- und Lendenwirbels\u00e4ule bewegungserhaltende Stabilisierung der Hals- und Lendenwirbels\u00e4ule (Bandscheibenprothese) minimal invasive und offene Stabilisierung der Hals- und Lendenwirbels\u00e4ule Deformit\u00e4tenkorrektur der Hals- und Lendenwirbels\u00e4ule weitere Informationen zu Wirbels\u00e4ulenerkrankungen: link Die Operationen werden in den Krankenh\u00e4usern in Wolgast und Pasewalk durchgef\u00fchrt. &hellip; <\/p>\n<p class=\"link-more\"><a href=\"https:\/\/orthopraxis-barz.de\/?page_id=62\" class=\"more-link\"><span class=\"screen-reader-text\">\u201eWirbels\u00e4ulenchirurgie\u201c<\/span> weiterlesen<\/a><\/p>\n","protected":false},"author":1,"featured_media":0,"parent":0,"menu_order":0,"comment_status":"closed","ping_status":"closed","template":"","meta":[],"_links":{"self":[{"href":"https:\/\/orthopraxis-barz.de\/index.php?rest_route=\/wp\/v2\/pages\/62"}],"collection":[{"href":"https:\/\/orthopraxis-barz.de\/index.php?rest_route=\/wp\/v2\/pages"}],"about":[{"href":"https:\/\/orthopraxis-barz.de\/index.php?rest_route=\/wp\/v2\/types\/page"}],"author":[{"embeddable":true,"href":"https:\/\/orthopraxis-barz.de\/index.php?rest_route=\/wp\/v2\/users\/1"}],"replies":[{"embeddable":true,"href":"https:\/\/orthopraxis-barz.de\/index.php?rest_route=%2Fwp%2Fv2%2Fcomments&post=62"}],"version-history":[{"count":4,"href":"https:\/\/orthopraxis-barz.de\/index.php?rest_route=\/wp\/v2\/pages\/62\/revisions"}],"predecessor-version":[{"id":303,"href":"https:\/\/orthopraxis-barz.de\/index.php?rest_route=\/wp\/v2\/pages\/62\/revisions\/303"}],"wp:attachment":[{"href":"https:\/\/orthopraxis-barz.de\/index.php?rest_route=%2Fwp%2Fv2%2Fmedia&parent=62"}],"curies":[{"name":"wp","href":"https:\/\/api.w.org\/{rel}","templated":true}]}}